3 + 10*s**2 + 13*s - 13. Calculate g(r).
9
Let y(m) = -m**2 + 5*m - 5. Let l(d) = d**3 - 16*d**2 + 36*d + 44. Suppose 40 = 8*h - 64. Let j be l(h). Calculate y(j).
-5
Let i(t) = -t + 3. Let y(m) = -m**2 + m + 8. Let g(h) = i(h) + y(h). Let l be g(4). Let o(c) = c**3 + 4*c**2 + 2*c - 1. What is o(l)?
-36
Let z be (-19)/(-9) - 39/351 - 8/1. Let k(a) = -3*a. Give k(z).
18
Suppose 4*w = 29 - 1. Suppose -3*x + 21 = p, -w*p + 6*p = -4*x. Let d(r) = -r + 18. Calculate d(p).
6
Let y(g) be the second derivative of g**3/3 + 51*g**2/2 - 1165*g. Give y(-19).
13
Let m(y) = -3 + 2 + 6*y**3 + 7*y**3. Suppose 3*l + c = 2, -55*l + 59*l + 24 = 4*c. Give m(l).
-14
Let z(j) be the second derivative of j**5/20 + j**4 + j**3/6 - 7*j**2 + 34*j + 4. Determine z(-12).
-26
Let d(w) = -24*w - 299. Let z be (-11)/(-138) + 2/(-12) - (-45484)/(-3818). Give d(z).
-11
Let w(h) = -h**3 - 28*h**2 - h - 30. Let o be w(-28). Let x be (-3756)/24*(-2)/(-1 - o). Let g(c) = -x + c + 0*c + 315. Calculate g(-2).
0
Let d(z) = -3*z - 31. Let y(t) = -7*t - 59. Let o(n) = -15*d(n) + 6*y(n). Determine o(-40).
-9
Let o(h) = 5*h**3 + 3*h**3 + 4 - 15*h**2 - 9*h**3 + 0*h**3 + 16*h. Let v be o(-16). Let i(f) = -f**2 + 5*f - 3. What is i(v)?
1
Let k(j) = -j**3 - 5*j**2 - 13. Let y(w) = w**3 + 6*w**2 + w + 12. Let c(b) = -2*k(b) - 3*y(b). Calculate c(-8).
14
Let q be (210/(-840))/((-1)/56). Let n(r) = 2*r**2 - 17*r - 18. Calculate n(q).
136
Let v(t) = t**2 - 7*t + 5. Let b(q) be the third derivative of q**5/60 + 11*q**4/12 - 3*q**3 + 26*q**2. Let a be b(-19). Let g = a + 82. Calculate v(g).
5
Let w be (1024/(-40) - -30)/(4/(-10)). Let s(k) = -2*k**3 - 25*k**2 - 29*k + 45. What is s(w)?
1
Let c = -424 - -420. Let h(i) = -4*i + 2*i**2 + 182 - 181 - 3*i**2. What is h(c)?
1
Let f(c) be the first derivative of -c**4/4 - c**3 + 6*c - 1275. Give f(-6).
114
Let i(q) = -q**3 - 5*q**2 - 2*q + 1. Let t be ((-293)/(-4))/((-7)/(-28)). Let x = -297 + t. Give i(x).
-7
Let i(p) = p - 5. Suppose -d + 323 = -18*d. Let l be d/4 - ((-51)/(-4))/(-17). Calculate i(l).
-9
Let p(u) = u**2 + u + 9. Let x be 28/(-70)*20 + 14. Give p(x).
51
Let w(y) = -24*y + 11. Let f be ((-430)/(-50) - 8)/(12/40). Give w(f).
-37
Let j be 3 + -6 + 2*20/8. Suppose 7*w - 5*b = j*w - 15, -b = -5*w - 19. Let v(o) = -o**3 + o**2 - 3*o**2 + 5 + 1 + 6*o. Calculate v(w).
14
Let n(c) = c - 10. Let f be n(10). Let o = 5 - f. Suppose 2*l = -o + 11. Let y(p) = 2*p + 4. Calculate y(l).
10
Let o be -9 - (784/245)/(2/(-5)). Let b(z) be the third derivative of 11*z**4/12 - 13*z**2. Give b(o).
-22
Suppose 223*g - 296*g + 511 = 0. Let j(x) be the second derivative of 1/6*x**3 + 4*x**2 + 0 + g*x. Determine j(7).
15
Let w(r) be the first derivative of 8*r**2 + 588*r + 6158. Determine w(-38).
-20
Let p(n) = n**2 - 6*n. Let h(a) = a**3 + 6*a**2 - a + 7. Let s be h(-5). Let k be 1475/35 - (64/(-8))/(-56). Let b = k - s. What is p(b)?
-5
Let d(c) = -31*c. Suppose 365*q + 160 = 366*q. Let o = q - 161. Give d(o).
31
Let q(d) = 10*d**2 - 3*d + 3. Let v(u) = 39*u**2 - 12*u + 12. Let s(j) = -15*q(j) + 4*v(j). Suppose -f - 1 = 0, -5 = 18*z - 19*z + 3*f. Calculate s(z).
21
Let f(h) = 2*h - 2. Let c(m) = -2. Let v(x) = -6*c(x) - f(x). Let r(i) = 5*i - 40. Let t(b) = 3*r(b) + 8*v(b). Determine t(0).
-8
Suppose -109 = -11*f - 32. Suppose -2*v = 3*g - 13, -v + 19 = -5*g - f. Suppose v*n - 5 = 16*n. Let i(k) = 12*k**2 + 2*k + 1. Determine i(n).
11
Let q(h) = -14*h - 569*h**3 + 2 + 570*h**3 - 17*h**2 + 44*h. Determine q(15).
2
Let g(q) be the third derivative of -q**5/60 - q**4/24 - q**3/6 + q**2. Let u be 7 + (-2 - 10) + -16 + 24. Determine g(u).
-13
Let t(y) = -9*y**2 + 2*y - 17. Let z(n) = 20*n**2 - 2*n + 36. Let d(m) = -9*t(m) - 4*z(m). Calculate d(14).
65
Let d(s) = -s + 20. Suppose 19*r - 374 - 253 = 0. Suppose 0 = 16*g + r - 33. Give d(g).
20
Let d(p) = -2*p + 7. Let y(c) = -21*c - 543. Let q be y(-26). What is d(q)?
1
Let w(o) be the first derivative of -6*o**2 - 3*o - 2. Let b(k) = 64*k - 118. Let t be b(3). Suppose -8 = -33*g - t. Determine w(g).
21
Let i(y) = -y**3 - 15*y**2 - 4*y - 33. Let d be -28 + 15/(255/221). Give i(d).
27
Let k(i) = -i**2 + 2*i - 7. Suppose -73*m = -331*m. Calculate k(m).
-7
Let p = 29 + -27. Let j(b) = -284*b**2 + 2*b - b - 2*b + 2 + 282*b**p. Suppose 0*g - 4*k - 2 = 5*g, 18 = -5*g + 4*k. Give j(g).
-4
Let u(c) = 37*c**2 + 24*c - 18. Let m(k) = -23*k**2 - 16*k + 11. Let a(p) = 8*m(p) + 5*u(p). Determine a(4).
-18
Let o(p) = p**2 + 17*p - 28. Suppose 1180*l - 361 = 1199*l. Give o(l).
10
Let j(g) = 10*g + 14. Let z(p) be the third derivative of p**4/8 + 5*p**3/6 - 77*p**2. Let d(t) = 2*j(t) - 7*z(t). What is d(-5)?
-2
Let p(j) = -2213*j**2 + 19*j + 10 - 2230*j**2 + 4442*j**2 + 39. What is p(22)?
-17
Let b(i) be the third derivative of i**4/12 - 2*i**3/3 + i**2. Let f = -577 - -579. Suppose 20 = -4*s, -f*s = -4*c + 2*s + 36. What is b(c)?
4
Let z = 35 - 30. Suppose t - z*q = 2*t - 5, -4*t = 5*q - 35. Suppose d + 44 = -t*d. Let j(f) = -f**2 - 6*f - 3. Calculate j(d).
5
Let t be ((432/(-15))/(-8))/((-3)/(-40)). Let d(a) = -t*a + 50*a - 2 + 9 + 0. What is d(-5)?
-3
Let y(b) be the second derivative of -26*b + 0 + 7/2*b**2 - 1/3*b**3. Determine y(5).
-3
Let b(y) = 16*y - 4. Let l be ((7/(-49))/(-1))/(32/(-224)). Calculate b(l).
-20
Let v(f) = 5*f - 14. Suppose 2*g - 11 = -p - 1, -3*p = -g + 12. Let l(j) = -5 + g - j + 0. Let a(n) = -4*l(n) - v(n). Calculate a(8).
2
Let l(m) be the second derivative of -4*m**3/3 - m**2/2 + 22*m. Let h(y) = -y + 13. Let s be h(10). Suppose 0*w - s = -3*w. Calculate l(w).
-9
Let l = 187 - 66. Suppose 4*w = -5*g + 159, 2*g + 4*w = 5*g - l. Suppose 0 = 4*x - 2*n - 30, 2*n = 5*x - 0*n - g. Let a(f) = 5*f - 7. Calculate a(x).
18
Let s(w) be the first derivative of w**4/4 - 2*w**3/3 - 5*w**2/2 + 4*w - 40. Let b = -8 - -13. Let n be (-3)/15 - (-16)/b. Calculate s(n).
-2
Let c be -3 - -15 - 1219/106. Let o(t) be the first derivative of 6 - 2*t + c*t**2. Determine o(4).
2
Let f(z) = z**3 + 8*z**2 - 39. Suppose 65 = -3*n + 12*n + 128. Determine f(n).
10
Let k(x) = x**3 + 11*x**2 + 32*x - 5. Suppose -81*l - 447 = 263 - 224. Calculate k(l).
-17
Let h = 49 + -46. Let u be (h*4/3)/(2 + -3). Let d(a) = -2*a + 1. Let b(z) = -9*z + 5. Let x(j) = -b(j) + 4*d(j). Calculate x(u).
-5
Suppose -2184*u - 33 = -2217*u. Let j(v) be the first derivative of -3/2*v**2 + 3 - v. Give j(u).
-4
Let x(q) = -25*q + 5. Suppose -6 = -23*u + 20*u. Let h(a) = -5*a + 1. Let z(j) = u*x(j) - 11*h(j). Let c(v) = v**2 + 10*v + 15. Let b be c(-2). Give z(b).
-6
Let u = 198 - 162. Suppose 33*x - u = 37*x. Let d(j) = j**2 + 8*j - 6. Give d(x).
3
Let d(k) be the second derivative of -31*k + 5/3*k**3 + 0 - 35*k**2. Let o be d(7). Let v(z) = z**2 + 25. Give v(o).
25
Let z(l) = -7*l**2 - 2*l - 1. Let o(k) = -9*k + 2. Let j be o(0). Suppose -2*i = j*a - 2, 2*a - 2*i = -a - 7. Calculate z(a).
-6
Suppose 3*x = -5*t - 65, 0*t - 4*t - x = 52. Let i = t + 8. Let h(n) = 6 + 0*n**2 - 13*n**2 + 9*n**2 + n - 4*n + 3*n**2. Determine h(i).
-4
Let k(g) be the second derivative of g**4/4 - 11*g**3/6 - g**2 - 216*g. What is k(5)?
18
Let c(q) be the second derivative of 3/2*q**2 + q + 0 + q**3 + 5/12*q**4 - 1/20*q**5. Let b be (0 + 0 + -1)*(2 + -8). What is c(b)?
3
Let i(x) = -3*x**2 + 2*x**2 - 161*x + 5 + 163*x. Let f(a) = -a**3 + 8*a**2 - 7*a. Let r be f(7). Suppose -h + r*h + 5 = 0. Determine i(h).
-10
Let n(s) be the second derivative of -s**5/20 - 5*s**4/12 - 7*s**3/6 - 5*s**2/2 - 3*s + 279. Calculate n(-2).
-3
Suppose -169*l + 795 = -1064. Let k(m) = -m - 10. What is k(l)?
-21
Let x be -5 + -4*(-18)/24 - -8. Let t(n) = 40 - 2*n + 35 - 121 + 0*n + 44. Give t(x).
-14
Let z be -12 + 10 - (-6 - 0). Let q be (6/(-6))/((-1)/23). Suppose z*y + q = 3. Let u(t) = -t**2 - 5*t - 1. Calculate u(y).
-1
Let f(u) = -u**2 + 6*u - 1. Let h = 126 - 122. Suppose -h*n + 2*d = -24, -18 = -n - n + 4*d. Give f(n).
4
Suppose 5*f + 82 - 112 = 0. Suppose -3*k + 23 = 5*c, c + k = -0*k + 5. Let w(i) = 0*i**2 - c + 2*i - 6*i + i**2. Determine w(f).
8
Let n = 53 + -21. Suppose -f = f + n. Let g be 4*(-4)/f*-1. Let x(b) = -13*b**3 + 2*b**2 + 2*b + 1. What is x(g)?
14
Let x be (65/52)/(-1 - (-11)/12). Let m be 1/x*3*-5. Let a(f) = 6*f**2 - f + 1. Determine a(m).
6
Let k be (-420)/(-7)*((-2)/(-5))/1. S